actor of 92 and 8003057.
23
What is the highest common divisor of 800921920 and 25856?
6464
Calculate the greatest common divisor of 185760 and 43488.
288
What is the highest common factor of 84 and 693555534?
42
Calculate the greatest common divisor of 3431925 and 38925.
225
Calculate the greatest common divisor of 30057 and 6063.
129
What is the greatest common factor of 2396163 and 47754?
21
Calculate the highest common divisor of 1360 and 9088540.
340
What is the greatest common factor of 780 and 39344565?
195
Calculate the highest common factor of 1052261615 and 5405.
5405
What is the greatest common factor of 31801 and 1783747?
2891
Calculate the highest common divisor of 1406322 and 918.
54
Calculate the highest common divisor of 88989957 and 252.
63
Calculate the greatest common divisor of 97338 and 648.
6
What is the greatest common factor of 3348070 and 1815?
605
Calculate the highest common factor of 121008 and 17552.
16
Calculate the highest common factor of 1012308 and 2508.
132
What is the highest common divisor of 2392 and 60290912?
184
What is the highest common divisor of 19025047 and 1004?
251
What is the greatest common divisor of 728 and 1350076?
364
What is the greatest common divisor of 12 and 6173345820?
12
What is the highest common factor of 232946 and 2842?
98
Calculate the greatest common divisor of 114206133 and 1761.
1761
What is the greatest common divisor of 289057 and 5204623?
1597
Calculate the greatest common divisor of 1377 and 765369.
81
Calculate the greatest common factor of 1284 and 313724.
428
Calculate the greatest common divisor of 30800 and 11259325.
1925
Calculate the highest common factor of 33440 and 332667808.
6688
Calculate the greatest common divisor of 117 and 11960208.
117
Calculate the greatest common factor of 25785 and 13702149.
5157
Calculate the greatest common factor of 15861996 and 1656.
828
What is the greatest common divisor of 198 and 1004949?
99
Calculate the greatest common factor of 16 and 121318544.
16
Calculate the greatest common factor of 224817 and 1406337.
1641
What is the greatest common factor of 60112 and 1462?
34
Calculate the greatest common factor of 74689527 and 22.
11
What is the greatest common factor of 324734235 and 420?
105
Calculate the greatest common factor of 360398744 and 21288.
7096
Calculate the highest common divisor of 117819 and 28363374.
6201
What is the greatest common divisor of 3612945 and 145635?
1995
Calculate the greatest common divisor of 69936 and 52464.
48
What is the greatest common divisor of 11264 and 133248?
128
Calculate the highest common factor of 383507 and 27938.
61
What is the highest common factor of 25338 and 178602?
618
Calculate the highest common divisor of 714 and 198870.
42
What is the greatest common divisor of 2940 and 7154490?
1470
What is the greatest common divisor of 1536 and 254103040?
512
What is the highest common factor of 28095056 and 272?
16
What is the greatest common divisor of 21 and 293041?
7
Calculate the highest common divisor of 21553698 and 24.
6
What is the highest common factor of 6224 and 11211758?
778
Calculate the highest common divisor of 787086 and 98835.
1797
Calculate the greatest common divisor of 44 and 13357927.
11
Calculate the highest common divisor of 35 and 3924185.
5
Calculate the greatest common divisor of 14751969 and 24411.
309
Calculate the highest common factor of 4545 and 370165.
505
What is the highest common factor of 46717999 and 367?
367
Calculate the highest common divisor of 671 and 25219381.
11
Calculate the greatest common factor of 837 and 4989543.
93
Calculate the highest common factor of 406 and 521235386.
406
Calculate the highest common factor of 2290 and 2006020.
10
Calculate the greatest common divisor of 30591 and 272547.
99
Calculate the highest common factor of 37206 and 16874.
26
Calculate the greatest common divisor of 1596 and 219259278.
798
Calculate the highest common factor of 371112 and 8831676.
3948
What is the highest common divisor of 11145598 and 128197?
7541
Calculate the highest common factor of 348908 and 4372060.
476
What is the highest common factor of 213166842 and 518?
518
What is the greatest common divisor of 3580104 and 4?
4
What is the highest common factor of 2505729 and 30369?
573
Calculate the highest common divisor of 312830 and 802.
2
Calculate the highest common divisor of 927342 and 351000.
702
Calculate the greatest common divisor of 63 and 5988978.
9
What is the highest common divisor of 1628 and 83147251?
407
What is the highest common divisor of 459 and 22310388?
9
What is the highest common divisor of 22187 and 5915861?
2017
Calculate the highest common divisor of 3395 and 11549305.
485
What is the highest common divisor of 710397 and 822447?
2241
Calculate the highest common divisor of 26148598 and 13790.
2758
What is the highest common divisor of 118397 and 37627?
197
What is the highest common factor of 1254210 and 3610?
10
Calculate the highest common divisor of 2842035 and 420.
105
What is the greatest common divisor of 553434 and 11382?
42
What is the greatest common divisor of 4550385 and 453?
453
Calculate the highest common divisor of 102 and 435527148.
102
Calculate the highest common divisor of 1232 and 2492424.
88
Calculate the greatest common divisor of 172738 and 14.
2
What is the highest common factor of 9651 and 712221281?
3217
Calculate the greatest common factor of 26057460 and 372.
12
What is the greatest common factor of 22886409 and 13?
13
Calculate the greatest common factor of 7865863 and 5154.
859
Calculate the greatest common divisor of 1306329 and 315453.
213
Calculate the highest common divisor of 516844573 and 21665.
4333
What is the greatest common factor of 1571864 and 952?
56
What is the greatest common factor of 9062 and 566914189?
4531
What is the greatest common divisor of 15428 and 67396?
812
Calculate the highest common factor of 6912 and 4787883.
27
Calculate the greatest common factor of 6838632 and 28728.
1368
What is the highest common divisor of 660330625 and 375?
125
Calculate the greatest common divisor of 1634493 and 98.
49
What is the greatest common divisor of 69905 and 75547?
31
What is the greatest common divisor of 4214453 and 527?
17
Calculate the greatest common divisor of 1008 and 1298592.
144
What is the highest common divisor of 17325 and 66055?
55
Calculate the greatest common divisor of 918640841 and 4219.
4219
Calculate the highest common factor of 47710694 and 2086.
298
Calculate the highest common divisor of 12151 and 570778.
29
What is the greatest common factor of 37176276 and 8780?
1756
What is the greatest common factor of 180 and 3631880?
20
Calculate the highest common factor of 2235 and 11817339.
447
What is the greatest common divisor of 4806054 and 2552?
638
What is the greatest common factor of 33110028 and 4482?
1494
Calculate the greatest common divisor of 368 and 435262166.
46
Calculate the greatest common divisor of 1506 and 3854607.
753
Calculate the greatest common factor of 5969425 and 110.
55
Calculate the greatest common factor of 420580 and 6120.
340
Calculate the greatest common factor of 5846995 and 385.
385
What is the highest common divisor of 127350 and 21150?
450
What is the highest common factor of 153 and 33791631?
51
What is the greatest common divisor of 259035665 and 236?
59
What is the greatest common factor of 7523359 and 527?
31
What is the highest common factor of 20 and 194005780?
20
What is the highest common factor of 24322264 and 24?
8
What is the highest common divisor of 60804 and 928387?
563
What is the greatest common divisor of 2077 and 96167177?
2077
What is the greatest common factor of 37 and 559048?
1
What is the highest common divisor of 1380 and 619963068?
276
Calculate the highest common divisor of 1247365448 and 56.
56
What is the greatest common factor of 5735 and 1698707?
1147
What is the greatest common divisor of 9115017 and 93?
3
Calculate the greatest common factor of 830537745 and 15.
15
Calculate the greatest common factor of 1600 and 47525600.
800
What is the highest common divisor of 93 and 17727009?
93
What is the highest common factor of 468 and 894618?
18
What is the highest common divisor of 91 and 1384472